e prime factors of 54079.
41, 1319
What are the prime factors of 37082?
2, 18541
List the prime factors of 3215.
5, 643
List the prime factors of 422.
2, 211
What are the prime factors of 16661?
16661
List the prime factors of 9086.
2, 7, 11, 59
What are the prime factors of 32023?
31, 1033
List the prime factors of 6210.
2, 3, 5, 23
List the prime factors of 1452.
2, 3, 11
What are the prime factors of 19890?
2, 3, 5, 13, 17
What are the prime factors of 76636?
2, 7, 17, 23
List the prime factors of 10438.
2, 17, 307
What are the prime factors of 26062?
2, 83, 157
What are the prime factors of 1526?
2, 7, 109
What are the prime factors of 651?
3, 7, 31
List the prime factors of 34233.
3, 11411
What are the prime factors of 72907?
72907
What are the prime factors of 10084?
2, 2521
What are the prime factors of 1863?
3, 23
List the prime factors of 1161.
3, 43
List the prime factors of 2280.
2, 3, 5, 19
List the prime factors of 5396.
2, 19, 71
What are the prime factors of 457?
457
What are the prime factors of 865?
5, 173
What are the prime factors of 512?
2
List the prime factors of 151.
151
What are the prime factors of 20825?
5, 7, 17
List the prime factors of 13963.
13963
List the prime factors of 1018.
2, 509
List the prime factors of 62840.
2, 5, 1571
List the prime factors of 512.
2
List the prime factors of 29995.
5, 7, 857
What are the prime factors of 26658?
2, 3, 1481
List the prime factors of 39122.
2, 31, 631
List the prime factors of 14383.
19, 757
List the prime factors of 40489.
19, 2131
List the prime factors of 5366.
2, 2683
List the prime factors of 3241.
7, 463
List the prime factors of 4250.
2, 5, 17
List the prime factors of 14285.
5, 2857
What are the prime factors of 6909?
3, 7, 47
What are the prime factors of 1082?
2, 541
List the prime factors of 429.
3, 11, 13
List the prime factors of 18067.
7, 29, 89
What are the prime factors of 5078?
2, 2539
What are the prime factors of 1148?
2, 7, 41
What are the prime factors of 84867?
3, 28289
What are the prime factors of 643?
643
List the prime factors of 15799.
7, 37, 61
List the prime factors of 3255.
3, 5, 7, 31
List the prime factors of 126684.
2, 3, 17, 23
List the prime factors of 6004.
2, 19, 79
What are the prime factors of 2639?
7, 13, 29
List the prime factors of 67714.
2, 33857
What are the prime factors of 156345?
3, 5, 7, 1489
List the prime factors of 971.
971
What are the prime factors of 6864?
2, 3, 11, 13
List the prime factors of 10405.
5, 2081
List the prime factors of 42150.
2, 3, 5, 281
What are the prime factors of 17075?
5, 683
What are the prime factors of 3657?
3, 23, 53
List the prime factors of 830.
2, 5, 83
List the prime factors of 35950.
2, 5, 719
List the prime factors of 228.
2, 3, 19
What are the prime factors of 330?
2, 3, 5, 11
What are the prime factors of 683?
683
What are the prime factors of 18667?
11, 1697
List the prime factors of 20457.
3, 2273
What are the prime factors of 20624?
2, 1289
What are the prime factors of 5301?
3, 19, 31
What are the prime factors of 681?
3, 227
What are the prime factors of 5869?
5869
List the prime factors of 29321.
109, 269
List the prime factors of 39564.
2, 3, 7, 157
What are the prime factors of 1484?
2, 7, 53
List the prime factors of 8740.
2, 5, 19, 23
List the prime factors of 4186.
2, 7, 13, 23
What are the prime factors of 66089?
66089
What are the prime factors of 76556?
2, 19139
What are the prime factors of 12848?
2, 11, 73
What are the prime factors of 5376?
2, 3, 7
List the prime factors of 20222.
2, 10111
What are the prime factors of 1122?
2, 3, 11, 17
List the prime factors of 33172.
2, 8293
What are the prime factors of 44460?
2, 3, 5, 13, 19
What are the prime factors of 168422?
2, 84211
List the prime factors of 16128.
2, 3, 7
What are the prime factors of 5404?
2, 7, 193
List the prime factors of 4023.
3, 149
What are the prime factors of 22956?
2, 3, 1913
What are the prime factors of 152214?
2, 3, 23, 1103
List the prime factors of 1776.
2, 3, 37
List the prime factors of 14612.
2, 13, 281
What are the prime factors of 22910?
2, 5, 29, 79
List the prime factors of 9774.
2, 3, 181
List the prime factors of 43478.
2, 21739
What are the prime factors of 6095?
5, 23, 53
List the prime factors of 5909.
19, 311
What are the prime factors of 468?
2, 3, 13
List the prime factors of 18862.
2, 9431
List the prime factors of 2577.
3, 859
What are the prime factors of 1070?
2, 5, 107
What are the prime factors of 3553?
11, 17, 19
What are the prime factors of 283?
283
What are the prime factors of 3705?
3, 5, 13, 19
List the prime factors of 185963.
17, 10939
List the prime factors of 5331.
3, 1777
List the prime factors of 2884.
2, 7, 103
List the prime factors of 72534.
2, 3, 7, 11, 157
What are the prime factors of 1107?
3, 41
What are the prime factors of 25960?
2, 5, 11, 59
List the prime factors of 15334.
2, 11, 17, 41
What are the prime factors of 20091?
3, 37, 181
What are the prime factors of 76419?
3, 7, 1213
What are the prime factors of 17545?
5, 11, 29
List the prime factors of 126750.
2, 3, 5, 13
What are the prime factors of 2225?
5, 89
List the prime factors of 287.
7, 41
What are the prime factors of 41?
41
List the prime factors of 542.
2, 271
List the prime factors of 13272.
2, 3, 7, 79
List the prime factors of 489.
3, 163
What are the prime factors of 14588?
2, 7, 521
What are the prime factors of 13920?
2, 3, 5, 29
List the prime factors of 2727.
3, 101
List the prime factors of 116527.
19, 6133
What are the prime factors of 14105?
5, 7, 13, 31
What are the prime factors of 44451?
3, 11, 449
List the prime factors of 199.
199
What are the prime factors of 11673?
3, 1297
What are the prime factors of 5041?
71
What are the prime factors of 2209?
47
List the prime factors of 679.
7, 97
List the prime factors of 2026.
2, 1013
List the prime factors of 8646.
2, 3, 11, 131
What are the prime factors of 690?
2, 3, 5, 23
List the prime factors of 7282.
2, 11, 331
What are the prime factors of 5335?
5, 11, 97
What are the prime factors of 112?
2, 7
What are the prime factors of 15228?
2, 3, 47
What are the prime factors of 14932?
2, 3733
What are the prime factors of 2811?
3, 937
What are the prime factors of 3005?
5, 601
List the prime factors of 576.
2, 3
What are the prime factors of 2163?
3, 7, 103
List the prime factors of 1750.
2, 5, 7
What are the prime factors of 3927?
3, 7, 11, 17
What are the prime factors of 18249?
3, 7, 11, 79
What are the prime factors of 680?
2, 5, 17
List the prime factors of 12167.
23
What are the prime factors of 1145?
5, 229
What are the prime factors of 32910?
2, 3, 5, 1097
What are the prime factors of 110050?
2, 5, 31, 71
List the prime factors of 51168.
2, 3, 13, 41
What are the prime factors of 79?
79
What are the prime factors of 4671?
3, 173
List the prime factors of 36555.
3, 5, 2437
What are the prime factors of 12636?
2, 3, 13
List the prime factors of 676.
2, 13
What are the prime factors of 1236?
2, 3, 103
What are the prime factors of 106853?
106853
List the prime factors of 328.
2, 41
List the prime factors of 102864.
2, 3, 2143
What are the prime factors of 33230?
2, 5, 3323
What are the prime factors of 11766?
2, 3, 37, 53
What are the prime factors of 17989?
17989
What are the prime factors of 31625?
5, 11, 23
What are the prime factors of 5328?
2, 3, 37
List the prime factors of 1037.
17, 61
What are the prime factors of 1493?
1493
What are the prime factors of 207?
3, 23
List the prime factors of 2135.
5, 7, 61
What are the prime factors of 1315?
5, 263
What are the prime factors of 85973?
149, 577
What are the prime factors of 2536?
2, 317
List the prime factors of 82097.
53, 1549
What are the prime factors of 17802?
2, 3, 23, 43
List the prime factors of 4110.
2, 3, 5, 137
What are the prime factors of 10080?
2, 3, 5, 7
What are the prime factors of 50315?
5, 29, 347
What are the prime factors of 556?
2, 139
What are the prime factors of 16348?
2, 61, 67
What are the prime factors of 39586?
2, 19793
List the prime factors of 4819.
61, 79
What are the prime factors of 6999?
3, 2333
List the prime factors of 18621.
3, 2069
What are the prime factors of 12209?
29, 421
What are the prime factors of 1579?
1579
List the p